{"id":421,"date":"2025-05-05T18:47:23","date_gmt":"2025-05-05T18:47:23","guid":{"rendered":"https:\/\/unikanatural.co\/?post_type=product&#038;p=421"},"modified":"2025-06-25T14:44:01","modified_gmt":"2025-06-25T14:44:01","slug":"tratamiento-elixir-frutal-x-500-ml-acondiciona-nutre-y-fortalece","status":"publish","type":"product","link":"https:\/\/unikanatural.co\/?product=tratamiento-elixir-frutal-x-500-ml-acondiciona-nutre-y-fortalece","title":{"rendered":"Tratamiento Elixir Frutal x 500 ml Acondiciona, Nutre y Fortalece"},"content":{"rendered":"<p><span style=\"font-weight: 400;\">Devu\u00e9lvele la vida a tu cabello con este tratamiento intensivo a base de frutas tropicales ricas en vitaminas, antioxidantes y nutrientes esenciales. Su f\u00f3rmula \u00fanica combina extractos naturales de banana, papaya, mango, pi\u00f1a y vitaminas que trabajan en sinergia para hidratar, reparar y revitalizar profundamente el cabello desde la ra\u00edz hasta las puntas.<\/span><\/p>\n<p><span style=\"font-weight: 400;\">F\u00f3rmula que revive e hidrata el cabello seco, proporcionando una profunda nutrici\u00f3n e hidrataci\u00f3n. Sin Parabenos.\u00a0<\/span><\/p>\n<details>\n<summary><strong>Beneficios<\/strong><\/summary>\n<ul>\n<li>Nutrici\u00f3n profunda para cabellos secos y deshidratados.<\/li>\n<li>Hidrataci\u00f3n intensa sin dejar residuos ni acumulaciones.<\/li>\n<li>Refuerza la fibra capilar, mejorando su resistencia y elasticidad.<\/li>\n<li>Aporta brillo y vitalidad, dejando el cabello m\u00e1s suave y manejable.<\/li>\n<li>Protege y repara gracias a vitaminas, aceites vegetales y extractos naturales.<\/li>\n<\/ul>\n<\/details>\n<details>\n<summary><strong>Ingredientes<\/strong><\/summary>\n<ul>\n<li>Banano<\/li>\n<li>Papaya<\/li>\n<li>Mango<\/li>\n<li>Aceite de coco<\/li>\n<li>Pantenol<\/li>\n<li>Complejo de Amino\u00e1cidos<\/li>\n<\/ul>\n<\/details>\n<details>\n<summary><strong>Modo de uso<\/strong><\/summary>\n<p>Aplicar sobre el cabello seco o h\u00famedo de medios a puntas. Dejar por 45 minutos y colocar un gorro t\u00e9rmico.<\/p>\n<p>\u00dasalo 1 o 2 veces por semana, seg\u00fan el estado de tu cabello. Retirar con abundante agua y shampoo.<\/p>\n<\/details>\n","protected":false},"excerpt":{"rendered":"<p>Devu\u00e9lvele la vida a tu cabello con este tratamiento intensivo a base de frutas tropicales ricas en vitaminas, antioxidantes y [&hellip;]<\/p>\n","protected":false},"featured_media":463,"comment_status":"open","ping_status":"closed","template":"","meta":{"site-sidebar-layout":"default","site-content-layout":"","ast-site-content-layout":"default","site-content-style":"default","site-sidebar-style":"default","ast-global-header-display":"","ast-banner-title-visibility":"","ast-main-header-display":"","ast-hfb-above-header-display":"","ast-hfb-below-header-display":"","ast-hfb-mobile-header-display":"","site-post-title":"","ast-breadcrumbs-content":"","ast-featured-img":"","footer-sml-layout":"","theme-transparent-header-meta":"default","adv-header-id-meta":"","stick-header-meta":"","header-above-stick-meta":"","header-main-stick-meta":"","header-below-stick-meta":"","astra-migrate-meta-layouts":"set","ast-page-background-enabled":"default","ast-page-background-meta":{"desktop":{"background-color":"var(--ast-global-color-5)","background-image":"","background-repeat":"repeat","background-position":"center center","background-size":"auto","background-attachment":"scroll","background-type":"","background-media":"","overlay-type":"","overlay-color":"","overlay-opacity":"","overlay-gradient":""},"tablet":{"background-color":"","background-image":"","background-repeat":"repeat","background-position":"center center","background-size":"auto","background-attachment":"scroll","background-type":"","background-media":"","overlay-type":"","overlay-color":"","overlay-opacity":"","overlay-gradient":""},"mobile":{"background-color":"","background-image":"","background-repeat":"repeat","background-position":"center center","background-size":"auto","background-attachment":"scroll","background-type":"","background-media":"","overlay-type":"","overlay-color":"","overlay-opacity":"","overlay-gradient":""}},"ast-content-background-meta":{"desktop":{"background-color":"var(--ast-global-color-4)","background-image":"","background-repeat":"repeat","background-position":"center center","background-size":"auto","background-attachment":"scroll","background-type":"","background-media":"","overlay-type":"","overlay-color":"","overlay-opacity":"","overlay-gradient":""},"tablet":{"background-color":"var(--ast-global-color-4)","background-image":"","background-repeat":"repeat","background-position":"center center","background-size":"auto","background-attachment":"scroll","background-type":"","background-media":"","overlay-type":"","overlay-color":"","overlay-opacity":"","overlay-gradient":""},"mobile":{"background-color":"var(--ast-global-color-4)","background-image":"","background-repeat":"repeat","background-position":"center center","background-size":"auto","background-attachment":"scroll","background-type":"","background-media":"","overlay-type":"","overlay-color":"","overlay-opacity":"","overlay-gradient":""}},"_joinchat":[]},"product_brand":[],"product_cat":[20],"product_tag":[],"class_list":{"0":"post-421","1":"product","2":"type-product","3":"status-publish","4":"has-post-thumbnail","6":"product_cat-capilar","7":"desktop-align-left","8":"tablet-align-left","9":"mobile-align-left","11":"first","12":"instock","13":"shipping-taxable","14":"purchasable","15":"product-type-simple"},"_links":{"self":[{"href":"https:\/\/unikanatural.co\/index.php?rest_route=\/wp\/v2\/product\/421","targetHints":{"allow":["GET"]}}],"collection":[{"href":"https:\/\/unikanatural.co\/index.php?rest_route=\/wp\/v2\/product"}],"about":[{"href":"https:\/\/unikanatural.co\/index.php?rest_route=\/wp\/v2\/types\/product"}],"replies":[{"embeddable":true,"href":"https:\/\/unikanatural.co\/index.php?rest_route=%2Fwp%2Fv2%2Fcomments&post=421"}],"wp:featuredmedia":[{"embeddable":true,"href":"https:\/\/unikanatural.co\/index.php?rest_route=\/wp\/v2\/media\/463"}],"wp:attachment":[{"href":"https:\/\/unikanatural.co\/index.php?rest_route=%2Fwp%2Fv2%2Fmedia&parent=421"}],"wp:term":[{"taxonomy":"product_brand","embeddable":true,"href":"https:\/\/unikanatural.co\/index.php?rest_route=%2Fwp%2Fv2%2Fproduct_brand&post=421"},{"taxonomy":"product_cat","embeddable":true,"href":"https:\/\/unikanatural.co\/index.php?rest_route=%2Fwp%2Fv2%2Fproduct_cat&post=421"},{"taxonomy":"product_tag","embeddable":true,"href":"https:\/\/unikanatural.co\/index.php?rest_route=%2Fwp%2Fv2%2Fproduct_tag&post=421"}],"curies":[{"name":"wp","href":"https:\/\/api.w.org\/{rel}","templated":true}]}}