{"id":418,"date":"2025-05-05T18:26:34","date_gmt":"2025-05-05T18:26:34","guid":{"rendered":"https:\/\/unikanatural.co\/?post_type=product&#038;p=418"},"modified":"2025-06-25T14:49:40","modified_gmt":"2025-06-25T14:49:40","slug":"shampoo-de-cebolla-x-500-ml-crecimiento-fuerza-y-brillo","status":"publish","type":"product","link":"https:\/\/unikanatural.co\/?product=shampoo-de-cebolla-x-500-ml-crecimiento-fuerza-y-brillo","title":{"rendered":"Shampoo de Cebolla x 500 ml Crecimiento, fuerza y brillo"},"content":{"rendered":"<p><span style=\"font-weight: 400;\">El principal ingrediente es el extracto natural de la cebolla morada, la cual contiene quercetina (que son pigmentos naturales con poderosos antioxidantes), esto mejora la resistencia del cabello; impidiendo su ruptura y descamaci\u00f3n. Su aporte de azufre estimula el flujo sangu\u00edneo haciendo que el fol\u00edculo piloso se abra tambi\u00e9n iniciando un crecimiento sano y fuerte, aporta brillo y es apto para todo tipo de cabello. Libre de sal y parabenos.<\/span><\/p>\n<details>\n<summary><strong>Beneficios<\/strong><\/summary>\n<ul>\n<li><strong>Estimula el crecimiento del cabello:<\/strong> La cebolla morada contiene quercetina y azufre, que mejoran la circulaci\u00f3n en el cuero cabelludo y fortalecen los fol\u00edculos.<\/li>\n<li><strong>Reduce la ca\u00edda del cabello:<\/strong> Su contenido de azufre fortalece la ra\u00edz del pelo, disminuyendo la ca\u00edda excesiva.<\/li>\n<li><strong>Antibacteriano y antif\u00fangico:<\/strong> Combate infecciones del cuero cabelludo como caspa o dermatitis seborreica.<\/li>\n<li><strong>Aporta brillo y suavidad:<\/strong> Mejora la salud general del cabello, dej\u00e1ndolo m\u00e1s brillante y suave.<\/li>\n<li><strong>Previene el envejecimiento capilar:<\/strong> Los antioxidantes naturales protegen contra el da\u00f1o oxidativo.<\/li>\n<li><strong>Puede ayudar con el cabello graso:<\/strong> Regula la producci\u00f3n de sebo en el cuero cabelludo.<\/li>\n<\/ul>\n<\/details>\n<details>\n<summary><strong>Ingredientes<\/strong><\/summary>\n<ul>\n<li>Extracto de cebolla<\/li>\n<li>Trozo de cebolla morada en su interior<\/li>\n<li>Aloe vera<\/li>\n<li>Complejo de amino\u00e1cidos<\/li>\n<\/ul>\n<\/details>\n<details>\n<summary><strong>Modo de uso<\/strong><\/summary>\n<p>Aplicar una cantidad generosa sobre el cuero cabelludo h\u00famedo haciendo suaves masajes. De ser posible, dejar actuar de 3 a 5 minutos. Enjuagar con abundante agua.<\/p>\n<p>Repetir el proceso si es necesario. Complete el cuidado con el acondicionador y repolarizador Unika Natural.<\/p>\n<\/details>\n","protected":false},"excerpt":{"rendered":"<p>El principal ingrediente es el extracto natural de la cebolla morada, la cual contiene quercetina (que son pigmentos naturales con [&hellip;]<\/p>\n","protected":false},"featured_media":0,"comment_status":"open","ping_status":"closed","template":"","meta":{"site-sidebar-layout":"default","site-content-layout":"","ast-site-content-layout":"default","site-content-style":"default","site-sidebar-style":"default","ast-global-header-display":"","ast-banner-title-visibility":"","ast-main-header-display":"","ast-hfb-above-header-display":"","ast-hfb-below-header-display":"","ast-hfb-mobile-header-display":"","site-post-title":"","ast-breadcrumbs-content":"","ast-featured-img":"","footer-sml-layout":"","theme-transparent-header-meta":"default","adv-header-id-meta":"","stick-header-meta":"","header-above-stick-meta":"","header-main-stick-meta":"","header-below-stick-meta":"","astra-migrate-meta-layouts":"set","ast-page-background-enabled":"default","ast-page-background-meta":{"desktop":{"background-color":"var(--ast-global-color-5)","background-image":"","background-repeat":"repeat","background-position":"center center","background-size":"auto","background-attachment":"scroll","background-type":"","background-media":"","overlay-type":"","overlay-color":"","overlay-opacity":"","overlay-gradient":""},"tablet":{"background-color":"","background-image":"","background-repeat":"repeat","background-position":"center center","background-size":"auto","background-attachment":"scroll","background-type":"","background-media":"","overlay-type":"","overlay-color":"","overlay-opacity":"","overlay-gradient":""},"mobile":{"background-color":"","background-image":"","background-repeat":"repeat","background-position":"center center","background-size":"auto","background-attachment":"scroll","background-type":"","background-media":"","overlay-type":"","overlay-color":"","overlay-opacity":"","overlay-gradient":""}},"ast-content-background-meta":{"desktop":{"background-color":"var(--ast-global-color-4)","background-image":"","background-repeat":"repeat","background-position":"center center","background-size":"auto","background-attachment":"scroll","background-type":"","background-media":"","overlay-type":"","overlay-color":"","overlay-opacity":"","overlay-gradient":""},"tablet":{"background-color":"var(--ast-global-color-4)","background-image":"","background-repeat":"repeat","background-position":"center center","background-size":"auto","background-attachment":"scroll","background-type":"","background-media":"","overlay-type":"","overlay-color":"","overlay-opacity":"","overlay-gradient":""},"mobile":{"background-color":"var(--ast-global-color-4)","background-image":"","background-repeat":"repeat","background-position":"center center","background-size":"auto","background-attachment":"scroll","background-type":"","background-media":"","overlay-type":"","overlay-color":"","overlay-opacity":"","overlay-gradient":""}},"_joinchat":[]},"product_brand":[],"product_cat":[20],"product_tag":[],"class_list":{"0":"post-418","1":"product","2":"type-product","3":"status-publish","5":"product_cat-capilar","6":"desktop-align-left","7":"tablet-align-left","8":"mobile-align-left","10":"first","11":"instock","12":"shipping-taxable","13":"purchasable","14":"product-type-simple"},"_links":{"self":[{"href":"https:\/\/unikanatural.co\/index.php?rest_route=\/wp\/v2\/product\/418","targetHints":{"allow":["GET"]}}],"collection":[{"href":"https:\/\/unikanatural.co\/index.php?rest_route=\/wp\/v2\/product"}],"about":[{"href":"https:\/\/unikanatural.co\/index.php?rest_route=\/wp\/v2\/types\/product"}],"replies":[{"embeddable":true,"href":"https:\/\/unikanatural.co\/index.php?rest_route=%2Fwp%2Fv2%2Fcomments&post=418"}],"wp:attachment":[{"href":"https:\/\/unikanatural.co\/index.php?rest_route=%2Fwp%2Fv2%2Fmedia&parent=418"}],"wp:term":[{"taxonomy":"product_brand","embeddable":true,"href":"https:\/\/unikanatural.co\/index.php?rest_route=%2Fwp%2Fv2%2Fproduct_brand&post=418"},{"taxonomy":"product_cat","embeddable":true,"href":"https:\/\/unikanatural.co\/index.php?rest_route=%2Fwp%2Fv2%2Fproduct_cat&post=418"},{"taxonomy":"product_tag","embeddable":true,"href":"https:\/\/unikanatural.co\/index.php?rest_route=%2Fwp%2Fv2%2Fproduct_tag&post=418"}],"curies":[{"name":"wp","href":"https:\/\/api.w.org\/{rel}","templated":true}]}}